the prime factors of r?
2
Let u = -1743 - -3334. List the prime factors of u.
37, 43
Let y(m) = 59*m**2 + 10*m + 4. What are the prime factors of y(6)?
2, 547
Let v(l) = 32*l**3 + 3*l**2 - 7*l + 5. Let f be v(2). Suppose 3*h + 44 - f = -5*a, -5*a + 4*h = -215. List the prime factors of a.
43
Let i(w) = w**2 - 2*w - 22. What are the prime factors of i(24)?
2, 11, 23
Let m = -17 + 9. Let f(k) = -k**3 - 7*k**2 - 5*k - 12. What are the prime factors of f(m)?
2, 23
Suppose -16*g + 31641 = -13111. List the prime factors of g.
2797
Let f(z) = -z**3 - 8*z**2 - 11*z - 6. Let o be f(-6). Let a = 4 + o. List the prime factors of (-42)/(-2) + (-24)/a.
2, 3
Suppose -2*w - 2 = -w, 3*l - 4*w - 17 = 0. Suppose -l = -3*d + 9. Suppose -5*b + 70 = 4*p - 122, b = d*p - 168. What are the prime factors of p?
43
Let m(u) = -4*u + 95. Let z(v) = 2*v + 24. Let n be z(-12). List the prime factors of m(n).
5, 19
Suppose 5*b - t = 3618, 5*b - 4*t = -6*t + 3609. List the prime factors of b.
3, 241
Suppose 75 = 7*s - 12*s. List the prime factors of 9/s + (-113)/(-5).
2, 11
Let w be (-39)/(-91) + (-12)/21*-8. Let g = 2 + -2. Suppose w*o - o - 56 = g. List the prime factors of o.
2, 7
Suppose -5*m + k = -2*k - 60, -2*k + 25 = m. Suppose 3*l + 68 = 5*i - m, -3*i + 3 = 0. What are the prime factors of 4/l - (-2608)/52?
2, 5
Suppose 3*p = -p - 368. List the prime factors of (-3)/(-1)*p/(-12).
23
Let l = -18 - -35. What are the prime factors of l?
17
Suppose -7*t + 0*t + 287 = 0. Let k = t + -17. What are the prime factors of k?
2, 3
Suppose 3*m = -3*c - c + 1293, 3*m + 2*c = 1293. List the prime factors of m.
431
Let t = 218 - 85. List the prime factors of t.
7, 19
Let x(d) = -d**3 + 9*d**2 + 6*d - 9. Let h be x(9). Suppose -z + 6*l = l - 27, 0 = z + l - h. List the prime factors of z.
2, 3, 7
Suppose -9 = -5*c + 71. Let w(i) = i**3 - 12*i**2 - 46*i + 18. Let g be w(15). What are the prime factors of (82/g)/(c/24)?
41
Let n(a) = 7*a**3 - 5*a**2 + 10*a - 6. Let x be n(4). Suppose 0*r + 280 = 2*r - y, -3*r = 3*y - x. List the prime factors of r.
2, 3, 23
Suppose -j = -3*j + 4. Suppose j*x - 7*k + 212 = -3*k, 0 = x + 4*k + 112. Let r = -62 - x. What are the prime factors of r?
2, 23
Let p(z) = 54*z**3 - 3*z**2 + 3*z + 8. List the prime factors of p(3).
2, 181
Suppose -12*d = 18*d + 870. Let t(r) = -16*r + 1. Let z be t(-2). Let l = z - d. List the prime factors of l.
2, 31
Suppose 3*w = 2*d + 18, -3 = 3*w + 2*d + 3*d. Suppose 8*j = 3*j + 5, 3*j = -w*g + 247. What are the prime factors of g?
61
Suppose 5*r - 3*r - 107 = -3*n, n - 31 = -3*r. Let b = 245 - n. List the prime factors of 2/10 - b/(-10).
3, 7
Let a(t) = t**3 + 2*t**2 - 10*t - 1. List the prime factors of a(8).
13, 43
Suppose -2*a - 579 = -4*b + 1007, 1207 = 3*b - 5*a. List the prime factors of b.
2, 197
Let d(p) = 3*p - 4. Let f be (-17)/(-17)*(-1 - -11). What are the prime factors of d(f)?
2, 13
Let x be 330/(-12) + (-1)/(-2). Let w be (1 - (-3 - -3))*-13. Let d = w - x. What are the prime factors of d?
2, 7
Suppose -7867 = -15*a - 817. What are the prime factors of a?
2, 5, 47
Suppose -5*p - 17 = 43. Let v(g) be the second derivative of -g**4/12 - 2*g**3 + 6*g**2 - 153*g. What are the prime factors of v(p)?
2, 3
Suppose -7*h + 4*h = -2544. List the prime factors of h.
2, 53
Suppose 5*i = -4*b + 979, -i - 4*b + 87 = -96. Suppose -i = -2*o - 3*p, 2*p - 6*p - 290 = -3*o. List the prime factors of o.
2, 7
Let b(q) = 3*q**2 + 7*q + 31. What are the prime factors of b(-11)?
317
Suppose -p + i + 152 = -34, -2*i + 183 = p. Let g = p - 4. What are the prime factors of g?
181
Let z(l) = -l**3 + 18*l**2 - 4*l + 7. What are the prime factors of z(5)?
2, 3, 13
Let t(a) = 10*a**2 - 20*a + 33. What are the prime factors of t(9)?
3, 13, 17
Let q(d) = -d**2 + 6. Let z(l) = l**2 - 1. Let h(j) = q(j) + 6*z(j). Let i be h(-1). Suppose -4*c = p - 30, -i*c + 6 + 19 = 0. List the prime factors of p.
2, 5
Let c(b) = b + 1. Let x be c(5). Let l = 61 - 21. Suppose x*o + l = 8*o. List the prime factors of o.
2, 5
Let j(c) = -202*c + 53. List the prime factors of j(-5).
1063
Let g(a) = 23*a**2 + 16*a - 8. Let x be g(-6). Suppose -5*o = -9*o + x. List the prime factors of o.
181
Let u(q) = q**2 - 19*q + 5. Let x(i) = i + 1. Let z(y) = -u(y) - 2*x(y). What are the prime factors of z(5)?
53
Let a(x) = 8*x**2 - 2*x + 19. List the prime factors of a(-11).
1009
Let y(j) = j**2 - 2*j + 6. Let x be y(-3). What are the prime factors of (-4)/(-14) - (-2241)/x - -2?
109
Let b = -68 - -17. What are the prime factors of 299/4 + b/68?
2, 37
Let h be (-2)/(-15) + (-3504)/(-45). Suppose 398 - h = 5*g. List the prime factors of g.
2
Suppose 13510 = 5*d + 2*i, 8*d = 13*d + i - 13510. What are the prime factors of d?
2, 7, 193
Let a(f) = f**3 - 6*f**2 + 13*f - 18. Let g be a(4). Let b = -45 - -97. Suppose g*u - b = u. What are the prime factors of u?
2, 13
Suppose 2*d - 1206 = -0*d. List the prime factors of d.
3, 67
Let c be 1*(29 + 5/5). Suppose 2*s + 4*k + 66 = 3*s, -5*k = s - c. What are the prime factors of s?
2, 5
Let b(h) = h**2 + 6*h + 1. Let z be b(-6). Suppose 2*p = -4*a + p + 32, 2*p - z = a. What are the prime factors of a?
7
Let m = 20 + 669. What are the prime factors of m?
13, 53
Let n = -2566 - -3704. What are the prime factors of n?
2, 569
Let n(b) = b**3 + 19*b**2 - 47*b - 26. Let g be n(-21). Suppose -8 = 4*a - 0*a, -3*t + 5*a + g = 0. List the prime factors of t.
23
Suppose -v + 695 = 3*k - 741, 0 = -5*k - 5*v + 2380. Let t be ((-18)/15)/((-2)/k). What are the prime factors of t/40 - (-1)/(-5)?
7
Let s(o) = 8*o**2 - 2*o - 4. Let k = -37 + 30. Let y = -10 - k. What are the prime factors of s(y)?
2, 37
Let p be 1 - 25 - (-8)/(-4). Let s(x) = x**2 + 3*x + 35. Let d be s(-8). Let h = d + p. What are the prime factors of h?
7
Let t(q) = -q**3 + 17*q**2 + 41*q + 25. Let y = 50 + -31. What are the prime factors of t(y)?
2, 41
Suppose 0 = k - 5*x - 1647, k = -x - 657 + 2280. List the prime factors of k.
1627
What are the prime factors of 17369/44*4 + (9 - 4)?
2, 3, 11
Let m(d) = -d**3 + 4*d + 199. Suppose 4*j - 4*u = -8, -3*j - u - 2 = -2*u. List the prime factors of m(j).
199
Suppose 3*g - 2*g = -3. Let q(t) be the second derivative of t**5/20 + 5*t**4/12 + t**3/2 - 2*t**2 - 5*t. List the prime factors of q(g).
5
Let n be (-8)/(-4) - -5 - -1. What are the prime factors of (-1 - -37)*4/n?
2, 3
Let n(o) = 97*o + 2. Let j = 20 - 19. List the prime factors of n(j).
3, 11
Let c be -2*(22/(-4) + 12/24). Suppose 13*h = c*h + 138. List the prime factors of h.
2, 23
Let h = 585 - 375. What are the prime factors of h?
2, 3, 5, 7
Suppose -k = -3*k + 80. Let h = 47 - k. What are the prime factors of h?
7
Let v = -112 + 119. What are the prime factors of ((v/(-14))/1)/((-1)/456)?
2, 3, 19
Let y(s) = 120*s - 1. Let n be y(1). Suppose 0 = 5*u - 4*t - 200, 6*u + 5*t - n = 2*u. Suppose -2*o - 16 = -u. What are the prime factors of o?
2, 5
Suppose 3*b = -0*l - 3*l + 15, -5*b + 11 = -2*l. Let o be b/7 + 17842/(-14). List the prime factors of o/(-35) + (-2)/5.
2, 3
Let u(l) be the first derivative of -l**3/3 - 8*l**2 + 5*l - 5. Let j(y) be the first derivative of u(y). What are the prime factors of j(-14)?
2, 3
Suppose -2*o + 2623 = 529. List the prime factors of o.
3, 349
Let f be ((0 - -3)/(-1))/(-1). Suppose 5*b - 91 = -q, -4*b - q + 60 = f*q. List the prime factors of b.
19
Let u = -1804 - -1985. What are the prime factors of u?
181
Let a(q) = -q**2 + 9*q - 13. Let b be a(3). Suppose b*u = -3*u + 120. List the prime factors of u.
3, 5
Let d = -82 - -77. What are the prime factors of d/(-20) - 1521/(-12)?
127
List the prime factors of 1 + 610 + 4 - 2.
613
Let u be (1 - 3) + 3 - -29. Let k = u + 57. What are the prime factors of k?
3, 29
Suppose -41309 = -18*i + 2071. What are the prime factors of i?
2, 5, 241
Let z(l) = -l**3 - 2*l**2 - 4*l. Let j(b) = -b**3 - 9*b**2 - 8*b - 3. Let f be j(-8). What are the prime factors of z(f)?
3, 7
Let n = -13 - -80. Let h = n - 20. List the prime factors of h.
47
Suppose -448 = 18*x - 26*x. Let n = x + -2. List the prime factors of n.
2, 3
What are the prime factors of (-14 + 347)*11/3?
3, 11, 37
Let i(c) = c**2 - 9*c + 3. Let q be i(8). Let u = 10 + q. Suppose 0*n + u*n = 135. List the prime factors of n.
3
Let w = 72 + -66. W